2 - 2*g + 12. Calculate z(8).
-4
Let u(i) = i + 17. Calculate u(-8).
9
Let m(k) = 2*k + 1. What is m(6)?
13
Let n(u) = u**2 - 16*u + 14. Determine n(14).
-14
Let i(v) = -v**3 - 19*v**2 + 19*v - 11. What is i(-20)?
9
Let f(t) = t**3 - 4*t**2 + 13*t - 13. Give f(4).
39
Let f(p) = 7*p - 20. Determine f(-7).
-69
Let u(n) = -25*n - 53. Calculate u(-2).
-3
Let v(z) = 5*z + 19. Determine v(-5).
-6
Let p(a) = -a**2 + 12*a - 31. Calculate p(9).
-4
Let s(j) = 11*j + 65. Calculate s(-2).
43
Let h(n) = -6*n - 6. Give h(15).
-96
Let c(f) = -2*f**3 + 8*f**2 - 2*f + 1. Calculate c(3).
13
Let k(r) = -r**3 + 10*r**2 + 4*r + 84. What is k(11)?
7
Let j(t) = -t**2 + 6*t + 6. Give j(7).
-1
Let r(a) = -a**2 - 12*a + 7. Determine r(-6).
43
Let d(a) = -2*a**2 + 14*a + 10. Give d(8).
-6
Let t(b) = -4*b**3 + b**2 - 2. Determine t(2).
-30
Let q(f) = 10*f - 2. Determine q(8).
78
Let v(s) = -6*s - 14. Give v(3).
-32
Let x(t) = -t**3 + 12*t**2 + 22*t + 27. Give x(14).
-57
Let k(r) = -r**2 - 5*r + 84. Give k(7).
0
Let i(b) = -b**3 - 16*b**2 + 17*b + 1. Calculate i(-17).
1
Let l(q) = q**3 - 13*q**2 + 11*q + 7. Calculate l(12).
-5
Let n(c) = 217*c + 4. Determine n(0).
4
Let x(s) = -163*s**2 + 4*s + 5. Determine x(-1).
-162
Let w(h) = -3*h**2 + 41*h - 17. Determine w(13).
9
Let i(u) = u + 8. Calculate i(1).
9
Let a(c) = -c**2 + 10*c + 21. Determine a(12).
-3
Let g(s) = s**2 + 48*s + 449. Determine g(-35).
-6
Let x(n) = n**2 + 9*n + 12. Give x(-8).
4
Let k(b) = -23*b + 296. Calculate k(13).
-3
Let r(c) = 2*c - 15. What is r(6)?
-3
Let t(w) = w**2 + 33*w - 201. Give t(-38).
-11
Let w(t) = -t**2 + 12*t - 1. Calculate w(5).
34
Let g(f) = 22*f - 84. Calculate g(7).
70
Let r(g) = -3*g - 11. Determine r(-5).
4
Let m(s) = 12*s + 81. What is m(-8)?
-15
Let d(r) = 6*r - 102. Give d(16).
-6
Let w(z) = -z**2 - 9*z + 21. Calculate w(-7).
35
Let k(a) = 4*a**3 - 13*a**2 + 4*a - 19. What is k(4)?
45
Let o(k) = -4*k**2 - k - 4. Calculate o(-3).
-37
Let z(c) = -c - 9. Give z(5).
-14
Let a(d) = 3*d**2 - 2*d + 2. Give a(2).
10
Let m(z) = -14*z**3 + z**2 - 1. What is m(1)?
-14
Let z(p) = 4*p + 41. Determine z(26).
145
Let b(v) = v**3 - 13*v**2 - 48*v - 39. Calculate b(16).
-39
Let y(a) = -a**3 - 4*a**2 + 10. What is y(-2)?
2
Let m(k) = 4*k + 17. Give m(5).
37
Let m(g) = -g**2 + 34*g - 40. What is m(32)?
24
Let n(a) = -a**3 - 19*a**2 + 46*a + 36. Determine n(-21).
-48
Let u(c) = c**2 - 18*c - 36. Determine u(20).
4
Let v(i) = i**3 + 18*i**2 + 72*i + 96. Calculate v(-13).
5
Let g(i) = 4*i. Calculate g(-2).
-8
Let i(l) = l**3 - 13*l**2 + 22*l - 5. What is i(11)?
-5
Let i(a) = -6*a**2 - 63*a - 8. Determine i(-10).
22
Let t(l) = -2*l**2 + l + 1. Give t(2).
-5
Let z(n) = -n**3 + 10*n**2 - 6*n - 18. What is z(9)?
9
Let y(s) = 3*s - 34. Give y(12).
2
Let b(r) = 3*r + 25. Give b(-7).
4
Let k(l) = l**2 - 2*l - 11. What is k(-3)?
4
Let c(o) = 34*o - 206. Give c(7).
32
Let d(i) = 6*i**2 - 10*i + 20. What is d(3)?
44
Let n(f) = f**3 + 35*f**2 + 30*f - 140. What is n(-34)?
-4
Let q(n) = 20*n**2 + 1. Give q(-1).
21
Let a(d) = d + 9. What is a(-3)?
6
Let q(p) = -87*p - 780. Calculate q(-9).
3
Let z(u) = u - 13. Determine z(-7).
-20
Let a(g) = -29*g - 246. Calculate a(-9).
15
Let d(t) = t + 2. Give d(-12).
-10
Let q(c) = c**3 + 7*c**2 - 9*c. Determine q(-8).
8
Let b(r) = r**2 + 7*r - 7. What is b(-9)?
11
Let f(r) = 13*r + 1. Give f(1).
14
Let p(w) = -3*w**3 + w**2 - 2*w + 3. Give p(2).
-21
Let d(u) = -2*u + 10. Give d(0).
10
Let y(j) = j**3 + 10*j**2 - j + 11. Calculate y(-10).
21
Let h(s) = s**3 - 10*s**2 - 7*s - 4. Determine h(10).
-74
Let u(q) = q**2 - 2*q - 37. Determine u(6).
-13
Let x(c) = 41*c**3 - c**2 - 2*c. Give x(-1).
-40
Let m(t) = -t**2 - 3*t + 18. Calculate m(3).
0
Let o(v) = -2*v - 4. Give o(9).
-22
Let k(a) = -a**3 + 3*a**2 + a + 5. What is k(4)?
-7
Let d(f) = -13*f + 162. Calculate d(12).
6
Let f(d) = d**3 + 24*d**2 + 38*d + 347. Give f(-23).
2
Let m(y) = -14*y**2 + 11*y. Calculate m(1).
-3
Let h(w) = w**2 + 12*w - 5. Calculate h(-12).
-5
Let i(g) = -26*g + 192. What is i(7)?
10
Let u(i) = i**3 + 2*i**2 - 10*i - 2. Calculate u(-4).
6
Let k(t) = -t**2 - 8*t + 13. Give k(-7).
20
Let f(o) = -13*o - 40. What is f(-2)?
-14
Let q(j) = -j**3 - 4*j**2 - 2*j - 1. Determine q(-4).
7
Let l(r) = r**2 + 3*r - 9. What is l(-7)?
19
Let q(x) = -5*x - 18. What is q(-3)?
-3
Let f(l) = -2*l + 17. Give f(9).
-1
Let d(f) = 4*f + 2. Give d(-4).
-14
Let i(a) = 7*a**2 + 46*a + 13. Give i(-6).
-11
Let t(c) = c**3 + 17*c**2 + 55*c + 188. Determine t(-14).
6
Let u(o) = -3*o**2 + o. Determine u(1).
-2
Let z(k) = 18*k - 5. What is z(2)?
31
Let m(y) = y + 21. Determine m(10).
31
Let d(o) = -o**2 - 13*o - 26. Determine d(-8).
14
Let u(g) = -4*g**2 + 24*g + 1. Give u(6).
1
Let q(k) = 207*k - 209. Give q(1).
-2
Let p(v) = -18*v + 12. Give p(-6).
120
Let d(k) = k**3 + 5*k**2 + 6*k + 1. Determine d(-4).
-7
Let o(g) = 2*g**3 - 2*g - 1. Determine o(2).
11
Let r(p) = 23*p + 561. Determine r(-24).
9
Let y(c) = -18*c + 228. Give y(13).
-6
Let w(f) = -9*f + 38. Calculate w(5).
-7
Let p(v) = -v**3 - 11*v**2 - 8*v - 10. Calculate p(-10).
-30
Let x(b) = -9*b**2 - b + 5. Calculate x(2).
-33
Let f(t) = -2*t**3 + 3*t**2 + 2*t + 1. What is f(-2)?
25
Let p(j) = j**3 + 9*j**2 - 8*j + 25. What is p(-11)?
-129
Let g(p) = p**3 + 4*p**2 + 2*p - 1. Calculate g(-3).
2
Let f(n) = -n**3 - 2*n**2 + 10*n + 4. Determine f(-5).
29
Let o(w) = w**3 - 2*w**2 + w - 1. Determine o(3).
11
Let o(i) = -i**3 - 11*i**2 - i - 15. Determine o(-11).
-4
Let a(x) = -x**3 + 9*x**2 + 11*x - 11. Calculate a(10).
-1
Let p(g) = g**3 + 6*g**2 - 6*g + 72. Determine p(-8).
-8
Let w(s) = 6*s**2 + 5*s - 12. Give w(2).
22
Let t(q) = -q**3 + 17*q**2 + 30*q - 214. Calculate t(18).
2
Let f(l) = -l**3 + 7*l**2 - 2*l + 5. Determine f(3).
35
Let x(d) = -2*d - 3. Determine x(-7).
11
Let w(q) = q**2 + 12*q + 7. Give w(-11).
-4
Let x(k) = 9*k. Determine x(-6).
-54
Let d(u) = -u - 12. Calculate d(-11).
-1
Let x(v) = -13*v - 21. Calculate x(-11).
122
Let f(i) = 3*i**2 + i - 2. What is f(4)?
50
Let y(c) = 13*c + 325. Give y(-25).
0
Let f(m) = -9*m**2 + 4*m + 5. What is f(3)?
-64
Let r(g) = g**2 + 9*g - 10. Determine r(-7).
-24
Let t(c) = 3*c**2 + 19*c - 10. What is t(-7)?
4
Let m(n) = -n**2 + 6*n + 102. What is m(-8)?
-10
Let j(v) = v**3 + 3*v**2 - v + 8. Determine j(-4).
-4
Let h(d) = -d**3 - 5*d**2 - 5*d - 6. Give h(-4).
-2
Let f(x) = x**2 + 6*x - 109. What is f(8)?
3
Let q(x) = -2*x - 24. Determine q(-11).
-2
Let k(f) = f**3 - 5*f**2 + 7*f - 4. What is k(4)?
8
Let l(n) = 84*n + 7. Calculate l(-1).
-77
Let r(x) = -x**2 + 3*x - 2. Give r(2).
0
Let y(i) = -i - 26. What is y(-28)?
2
Let z(b) = b**3 + 13*b**2 + 11*b - 12. Calculate z(-12).
0
Let q(c) = -c**3 + 28*c**2 + 59*c + 27. Calculate q(30).
-3
Let h(d) = -d**3 - 8*d**2 + 34*d + 10. What is h(-11)?
-1
Let i(k) = -k**3 - 31*k**2 + 33*k - 39. Calculate i(-32).
-71
Let u(v) = -3*v**2 + 4*v - 2. Give u(2).
-6
Let s(k) = k**2 - 6*k - 5. Calculate s(7).
2
Let p(q) = 8*q + 14. Determine p(3).
38
Let r(z) = 2*z - 14. What is r(9)?
4
Let w(b) = -b**3 - 6*b**2 + 3*b + 23. Give w(-6).
5
Let j(s) = 3*s**3 - 3*s**2 - s + 3. Give j(2).
13
Let w(j) = j**3 + 27*j**2 - j + 35. Calculate w(-27).
62
Let w(g) = g**3 - 22*g - 4. Determine w(0).
-4
Let b(k) = -2*k + 3. Calculate b(2).
-1
Let z(c) = -c**3 - 13*c**2 + 17*c + 33. What is z(-14)?
-9
Let d(j) = -j**3 + 2*j**2 - 2. Determine d(-3).
43
Let h(o) = 17*o - 24. Give h(1).
-7
Let u(p) = p**3 - 2*p**2 - 12*p + 34. Calculate u(5).
49
Let a(r) = r**3 - 6*r**2 + 3*r. Give a(6).
18
Let z(w) = -138*w**2 + w + 1. Give z(-1).
-138
Let l(j) = j**3 + 2*j - 44. What is l(4)?
28
Let d(u) = -18*u + 102. Give d(6).
-6
Let j(r) = -r**2 + 2*r - 2. Give j(1).
-1
Let t(b) = b - 6. Calculate t(-13).
-19
Let z(b) = b**3 - 9*b**2 + 5*b - 22. Determine z(9).
23
Let l(r) = -r**3 - r - 1. What is l(2)?
-11
Let p(v) = -9*v - 5. Give p(4).
-41
Let j(t) = 2*t + 8. What is j(-6)?
-4
Let z(r) = -r**3 - 11*r**2 - 9*r. Give z(-10).
-10
Let b(x) = 5*x + 1. Determine b(-4).
-19
Let r(b) = b**3 - 6*b**2 - 6*b - 16. Calculate r(7).
-9
Let r(c) = c - 16. Determine r(-7).
-23
Let u(k) = k**3 - 2*k**2 + k + 14. What is u(4)?
50
Let r(h) = h**3 - 13*h**2 - 2*h - 30. Determine r(13).
-56
Let d(g) = -43*g + 175. Determine d(3).
46
Let p(m) = m